s 62434219 composite?
True
Is 153596533 a composite number?
True
Is 3538099 a prime number?
False
Is 32985413 a prime number?
True
Is 18798463 a prime number?
True
Is 31430507 a composite number?
True
Is 7062227 composite?
True
Is 179251019 prime?
True
Is 162650539 composite?
False
Is 58282313 prime?
False
Is 60226913 prime?
True
Is 1787087 a prime number?
True
Is 341141 prime?
True
Is 129665071 a prime number?
True
Is 795919837 prime?
True
Is 1809859 prime?
True
Is 58621301 prime?
False
Is 17481889 a composite number?
False
Is 10005007 prime?
True
Is 10677587 composite?
False
Is 14490467 prime?
True
Is 41884917 a prime number?
False
Is 61049987 composite?
True
Is 33534673 composite?
False
Is 612473 a composite number?
True
Is 261808055 composite?
True
Is 7563679 a composite number?
False
Is 33002311 a composite number?
False
Is 1222003 a composite number?
False
Is 1929553 prime?
True
Is 31607593 a prime number?
False
Is 43676969 composite?
True
Is 5745413 a prime number?
False
Is 145884379 composite?
False
Is 83709859 composite?
True
Is 34632599 prime?
True
Is 7457053 composite?
False
Is 28394467 composite?
True
Is 1942558 a prime number?
False
Is 50779301 a composite number?
False
Is 16080227 a composite number?
True
Is 10140253 a prime number?
True
Is 62805643 a composite number?
False
Is 1393417 composite?
False
Is 918371 a prime number?
True
Is 6093467 prime?
True
Is 14853323 composite?
False
Is 128676785 composite?
True
Is 14880787 prime?
False
Is 804469 a composite number?
True
Is 1083587 composite?
True
Is 18882293 a composite number?
False
Is 680765803 composite?
False
Is 94907693 composite?
False
Is 1221749 a prime number?
True
Is 2360219 a composite number?
False
Is 68079631 a prime number?
False
Is 2216347 a composite number?
True
Is 5018551 a prime number?
True
Is 976369 prime?
True
Is 9067411 composite?
True
Is 38291523 a prime number?
False
Is 2807699 prime?
False
Is 16801223 prime?
True
Is 65455463 prime?
True
Is 13184509 prime?
False
Is 31794461 composite?
False
Is 201044131 prime?
False
Is 7764959 prime?
True
Is 1495021 composite?
True
Is 1974323 a composite number?
True
Is 763413887 a composite number?
False
Is 155177 a prime number?
False
Is 556267 a prime number?
True
Is 63374833 a composite number?
True
Is 1059323 prime?
True
Is 333133069 composite?
False
Is 9057397 prime?
True
Is 339297779 a prime number?
True
Is 198000053 a composite number?
False
Is 9521671 a composite number?
False
Is 27235319 prime?
False
Is 1384783 prime?
False
Is 119056939 a composite number?
False
Is 56881 a prime number?
False
Is 1570951 composite?
False
Is 5841923 prime?
False
Is 123933919 composite?
False
Is 33608363 composite?
False
Is 555031 a composite number?
True
Is 8919737 prime?
True
Is 21295459 a composite number?
False
Is 383531023 a prime number?
False
Is 19981867 a prime number?
True
Is 1949699 prime?
False
Is 90524411 a composite number?
True
Is 81223 prime?
True
Is 846381 a prime number?
False
Is 2023673 prime?
False
Is 45367559 a composite number?
False
Is 2902591 a prime number?
True
Is 854835341 a composite number?
False
Is 297982 composite?
True
Is 7092277 a prime number?
False
Is 453211 a composite number?
True
Is 1771838 a composite number?
True
Is 10957963 a prime number?
False
Is 8305607 a prime number?
False
Is 20396897 composite?
True
Is 32702777 a composite number?
False
Is 499979 prime?
True
Is 45586657 composite?
False
Is 3236729 prime?
True
Is 12781669 composite?
False
Is 193680913 a prime number?
True
Is 351524291 a prime number?
False
Is 6613627 a prime number?
False
Is 5987939 a composite number?
True
Is 250829 composite?
False
Is 347887 prime?
True
Is 5123051 a prime number?
True
Is 23131513 a composite number?
False
Is 19337651 a composite number?
True
Is 118488379 a prime number?
True
Is 40049 a composite number?
True
Is 131097281 a composite number?
True
Is 81111413 a prime number?
False
Is 15203263 prime?
False
Is 18840617 prime?
True
Is 1319159 prime?
False
Is 163539083 a prime number?
True
Is 11795317 prime?
True
Is 12446287 prime?
False
Is 95651419 a composite number?
True
Is 6744923 prime?
False
Is 35231171 composite?
False
Is 67659401 a prime number?
True
Is 275623183 prime?
False
Is 53182889 a prime number?
True
Is 993763 prime?
True
Is 703442006 a prime number?
False
Is 5936971 composite?
True
Is 1769041 composite?
False
Is 45880369 composite?
False
Is 11135741 composite?
True
Is 342520895 a prime number?
False
Is 79556861 prime?
True
Is 16233527 a prime number?
False
Is 415531 a prime number?
False
Is 812011 a prime number?
True
Is 2128853 prime?
False
Is 98839277 composite?
False
Is 1016909 prime?
True
Is 12683641 a composite number?
False
Is 35839763 prime?
True
Is 14476937 a composite number?
True
Is 1908145 a composite number?
True
Is 28017069 composite?
True
Is 42478477 a prime number?
True
Is 1476427 a composite number?
True
Is 51020993 a prime number?
True
Is 900853295 composite?
True
Is 888841 prime?
False
Is 11683339 composite?
True
Is 7169321 prime?
False
Is 55272977 prime?
True
Is 76049773 prime?
True
Is 9502547 a composite number?
False
Is 537861959 a prime number?
True
Is 54988426 composite?
True
Is 3134531 a prime number?
False
Is 101350723 a composite number?
False
Is 203711929 a prime number?
True
Is 1053641 a prime number?
False
Is 44699491 composite?
True
Is 2513633 a composite number?
True
Is 146639939 prime?
False
Is 70610531 a prime number?
False
Is 1105691 prime?
True
Is 356085449 a prime number?
True
Is 223903 a composite number?
False
Is 7719743 a prime number?
False
Is 22738157 composite?
True
Is 25332005 composite?
True
Is 1257187 prime?
False
Is 34512607 a composite number?
True
Is 289099639 a composite number?
False
Is 4319647 prime?
False
Is 170192749 a prime number?
True
Is 51745691 composite?
False
Is 11310737 a prime number?
True
Is 3510317 prime?
True
Is 32398955 prime?
False
Is 15249323 composite?
True
Is 10791455 composite?
True
Is 4368913 a prime number?
False
Is 79767505 a prime number?
False
Is 4669109 composite?
False
Is 2034421 composite?
False
Is 25371651 a composite number?
True
Is 23140501 a composite number?
False
Is 37287805 a composite number?
True
Is 27553861 composite?
False
Is 6813358 composite?
True
Is 211309649 a prime number?
True
Is 205357 a prime number?
True
Is 32154509 a prime number?
True
Is 48303527 composite?
False
Is 6426065 a composite number?
True
Is 25084387 a prime number?
True
Is 486702829 a composite number?
False
Is 6837421 a prime number?
True
Is 17065901 a composite number?
False
Is 12787267 a prime number?
True
Is 37019559 a prime number?
False
Is 3717533 prime?
True
Is 3899297 prime?
True
Is 788605 composite?
True
Is 571633 prime?
True
Is 18653039 a composite number?
False
Is 32517743 a composite number?
True
Is 82713271 a composite number?
True
Is 1024987 a composite number?
False
Is 5425787 a prime number?
True
Is 4354151 a composite number?
True
Is 9812477 composite?
False
Is 47123953 composite?
False
Is 961427 prime?
True
Is 4399154 a composite number?
True
Is 28885003 composite?
True
Is 1656761 a composite number?
False
Is 20497717 composite?
False
Is 150211043 composite?
False
Is 3694217 prime?
True
Is 3390323 a composite number?
False
Is 27311477 prime?
False
Is 187998029 prime?
True
Is 276012049 a prime number?
True
Is 3920842 composite?
True
Is 8092717 prime?
False
Is 954911 a prime number?
True
Is 6227471 a prime number?
True
Is 184059305 prime?
False
Is 690419 a composite number?
False
Is 72558691 prime?
True
Is 15131497 a prime number?
True
Is 45236551 prime?
True
Is 69936679 a prime number?
True
Is 2374427 prime?
False
Is 64871 a composite number?
False
Is 5620883 a composite number?
False
Is 3642559 composite?
False
Is 18169 a prime number?
True
Is 25939913 composite?
False
Is 27105146 composite?
True
Is 127970029 a composite number?
True
Is 3192061 composite?
False
Is 1751551 composite?
False
Is 6590981 a prime number?
False
Is 6002771 composite?
True
Is 4627487 prime?
True
Is 1552469 a composite number?
False
Is 232074989 prime?
False
Is 392941303 a prime number?
True
Is 26925251 a composite number?
True
Is 142357 composite?
False
Is 4144427 prime?
False
Is 16406213 prime?
True
Is 66104723 a composite number?
Fa